 b**2 + 3. What is k(i)?
4
Let q(o) be the first derivative of -o**2/2 + o + 8. Calculate q(6).
-5
Let i be 6 - (3 - (-2 + 2)). Suppose -i*n - 6 = -2*l, l - 5*n + 5 - 22 = 0. Let b(h) = h**3 + 3*h**2 - 2. Let f be b(l). Let j(x) = 6*x + 3. Calculate j(f).
-9
Let l(c) = -2*c + 1 + c - c - 4*c**2. Suppose -10 = 2*h - 7*h. Let u = h + -1. Calculate l(u).
-5
Let j(q) be the first derivative of q**3/3 + 5*q**2/2 - q - 3. Calculate j(-4).
-5
Let j(x) be the second derivative of x**4/12 - x**3/6 - 4*x**2 + 5*x. What is j(0)?
-8
Let q be (0 - 0)/(1 + 0). Let n be (q - 1 - 1) + 3. Let v be ((-2)/1 + 2)/n. Let b(d) = -d**2 + d - 6. Calculate b(v).
-6
Let m be (15/(-25))/(-3 + (-16)/(-5)). Let n(s) = -3*s + 2. What is n(m)?
11
Let f(z) be the second derivative of 1/6*z**3 - 5*z - 3/2*z**2 + 0. What is f(6)?
3
Let q(l) = -l**3 - 6*l**2 - l - 5. Let n be 3/((1 + 3)/(-8)). What is q(n)?
1
Let b(t) = t**2 - 9*t - 3. Let o be b(10). Suppose 2*r + 0*r = z, 5*r = -z + o. Let m(k) = 4*k. Give m(r).
4
Let j(h) = 3*h + 10. Let q = -7 + 5. Let t(w) = -w. Let s(z) = q*t(z) - j(z). Let m be s(-8). Let y(o) = -o**3 - o**2 + o. What is y(m)?
2
Let p(n) be the second derivative of 3*n**3/2 - n**2/2 + 5*n. What is p(1)?
8
Let d(p) = 53*p - 7 + 1 - 54*p. Calculate d(-6).
0
Suppose 5*w + r = 4*w, -r = -3*w. Suppose -s + 2 = -w. Let u be (s - 33/12)*4. Let a(f) = f**2 + 6*f + 3. Determine a(u).
-6
Let w(a) = a**2 - a + 4*a - 5*a + 4*a. Determine w(-4).
8
Let z(d) = -51*d + 4 + 52*d + 0. Suppose -6*s = -2*s + 32. Determine z(s).
-4
Let k be 2/(-8) + (-30)/8. Suppose 2*x = 2*q - 14, 0*q = -q. Let h(w) = -10*w - 19. Let b(s) = 3*s + 6. Let c(z) = x*b(z) - 2*h(z). Give c(k).
0
Let z(s) = -s**2 + 4*s + 2. Let u(o) = o**2 - 4. Suppose x = -0*x - 7. Let d(q) = q**3 + 7*q**2 - 3. Let j be d(x). Let y be u(j). Determine z(y).
-3
Let r(a) = 2*a + 15. Suppose 4*l = l + 5*w - 45, -5*l + 5*w = 65. What is r(l)?
-5
Suppose -8*p + 6 = -7*p. Let n(h) = -h**2 + 5*h + 7. What is n(p)?
1
Let w(b) = 2*b**3 + 3*b**2 + 2*b + 2. Let z(a) = -a. Let r(k) = -w(k) + 2*z(k). Determine r(-2).
10
Let a(y) = -y**3 + 3*y**2 - y - 4. Suppose 0*z = -3*z + 15. Let d(b) = b**3 - 4*b**2 - 5*b - 4. Let m be d(z). Let f be (m + 1)*(4 + -5). What is a(f)?
-7
Let g(l) = 2*l**2. Let r(n) = -2*n + 6. Let x(p) = -p**2 + 4*p + 1. Let j be x(3). Let q be r(j). Let t be 2 + ((-6)/1 - q). Calculate g(t).
8
Let k(p) = 78*p + 77*p + 5 - 156*p. What is k(10)?
-5
Let l(v) = -v**2 - 3 - 2*v + 5 - 2 + 4. Suppose 0*t + 6 = 2*t. Suppose -4*f = -3*c - 24, 0 = t*f + c - 4 - 1. Calculate l(f).
-11
Let a(z) = -10 + z - 8*z + 0*z + z**2. Calculate a(7).
-10
Let v(w) = -w**2 + 6*w + 7. Let p(j) = -2*j - 13. Let h be p(-10). Calculate v(h).
0
Let q(w) = -w**2 + 5*w. Let m = -29 - -49. Suppose -5*g - 5 + m = 0. What is q(g)?
6
Let a(w) = -46 - w**2 + 2*w**2 + 47 + w**3. Suppose 0 - 4 = 4*g. Determine a(g).
1
Let d(b) = -b + 109 - b - 115. Let a(n) = -n**3 - 5*n**2 + 2*n + 5. Let c be a(-5). What is d(c)?
4
Let k = -3 + 7. Let q(n) be the first derivative of -5/3*n**3 + 1/4*n**4 - 8 + 4*n + 3/2*n**2. Give q(k).
0
Let j(x) = 2*x + 2*x - 5*x + 2*x + 1. Calculate j(5).
6
Let r(h) = 3*h - 4. Let p = -29 + 17. Let y be (-4 + 0)*9/p. Give r(y).
5
Let v(h) be the third derivative of h**4/24 - 15*h**2. Give v(-7).
-7
Let g(h) = 3*h - 1. Let s = -1 - -2. Let n = s - 0. Give g(n).
2
Let z(y) = -y**2 + 4*y + 4. Let x(h) = 7*h**2 + h + 1. Let v be x(-1). Let l = 19 - v. Suppose -a + 3*a - l = 0. Give z(a).
-8
Let r(u) be the first derivative of -u**4/12 + 7*u**3/6 - u**2 - 5*u - 6. Let h(t) be the first derivative of r(t). What is h(6)?
4
Let c(z) = 6*z + 2 - 11*z + 5*z + 5*z - z**2. Give c(4).
6
Let i(v) = -v**3 + v**2 - 4*v + 3. Let l(t) = 3*t**3 - 3*t**2 + 11*t - 10. Let j(z) = 11*i(z) + 4*l(z). What is j(0)?
-7
Let c be 5/(-15)*(-7 + 1). Let l(b) = -5*b + 5*b + c*b + 4 - 5*b. Let w be l(3). Let y(q) = -q**3 - 5*q**2 + 2*q + 5. Determine y(w).
-5
Suppose -4*c = -2*c - 2*f + 22, -2*f + 10 = 0. Let i(j) = j**3 + 5*j**2 - 4*j + 4. Give i(c).
-8
Let i(v) = -v**3 + 4 + 1 - 181*v**2 + 186*v**2. Calculate i(5).
5
Let w(l) = -l**3 - 4*l**2 - 3*l - 2. Let t be 0/(-6) - 8/2. Determine w(t).
10
Let w(h) = 12*h**3 + 3*h**2 + 2. Let j(z) = -z**3 - z**2 - 1. Let g(b) = -3*j(b) - w(b). What is g(1)?
-8
Suppose 9 = -5*m - 6. Let r be 16/m + (-1)/(-3). Let d(g) = -g**3 - 4*g**2 + 6*g - 4. Calculate d(r).
-9
Let u(p) = -p + 3. Let z(i) = -i**3 - i**2 - i - 1. Let g be z(0). Let a = g + 5. Suppose 0 = -w - n - 2, 0 = w + a*n - 11 + 28. Determine u(w).
0
Let i = -24 - -23. Let r(j) = -6*j**2 - j. Calculate r(i).
-5
Let c(v) be the second derivative of 0 - 1/20*v**5 + 1/12*v**4 + 7*v**2 - 1/6*v**3 - 4*v. Give c(0).
14
Let o(c) be the first derivative of -6*c - 2 + 1/2*c**2. Calculate o(5).
-1
Let l(y) = y**2 - y - 1. Let i(a) = -2*a**2 + 5*a - 2. Let c(v) = i(v) + 3*l(v). Let o(x) be the first derivative of c(x). Determine o(4).
10
Let z be 6 + (-3 + 8)/(-5). Let g(s) be the first derivative of -s**4/4 + 2*s**3 - 3*s**2/2 - 7*s - 1. What is g(z)?
3
Let f(y) = y**2 + 2. Let g = -2 - -5. Calculate f(g).
11
Suppose -7*m + 4*m = -18. Let d(v) = -v**3 - v**2 - v + 1. Let o(t) = -3*t**3 - 9*t**2 - 11*t + 12. Let k(j) = -4*d(j) + o(j). Determine k(m).
2
Let l(z) be the first derivative of -z**3/6 - 2*z**2 - 3*z + 3. Let w(d) be the first derivative of l(d). What is w(-3)?
-1
Let k(u) be the third derivative of u**6/120 - u**5/30 + u**4/6 + 8*u**2. Give k(3).
21
Let n(w) = -w**3 - 4*w**2 - 2*w - 4. Let m = 153 + -97. Suppose -2*r - 2*r + m = 0. Suppose 4*d = -u + 12, 6 = -3*u + 2*d - r. Give n(u).
4
Suppose 5*t - 6 = 2*t, -l - 11 = -5*t. Let k(o) = -10*o**2 + 2*o + 1. Give k(l).
-11
Suppose -3*q = v + 2*q - 27, -5*q + 17 = -4*v. Suppose x + 0*p = p - v, -5*x - p + 8 = 0. Let s(i) = 2*i**2 - i + 1. Calculate s(x).
2
Suppose c + 0 - 1 = 0. Suppose 2*r - c - 4 = q, -3*r + 12 = -3*q. Let m(p) = 2 + p - r + 0. Give m(-3).
-2
Let r(x) = -x**3 + 8*x**2 - 2*x - 23. Let s be r(7). Let h(w) = w**3 - 11*w**2 - 12*w - 4. Determine h(s).
-4
Let q(b) = 4*b - 56. Let w be q(14). Let h(m) = -m - 3. What is h(w)?
-3
Let h(b) = b**2 - 10*b - 3. Let r(u) = u**2 - 9*u - 2. Let t(c) = -3*h(c) + 4*r(c). Determine t(7).
8
Suppose 3*u - 10 = -3*w + 5, 34 = 4*w - 3*u. Let q = -9 + w. Let l(x) = 3*x**2 + x - 2. What is l(q)?
8
Let v(s) be the third derivative of -1/12*s**4 + 0 + 0*s + s**2 - 1/30*s**5 + 1/3*s**3 - 1/120*s**6. Let c be (-1)/(2/(-2))*-2. Give v(c).
6
Let f(c) = -c**2 - 2*c**2 + 4*c**2. Suppose 2*k + 11 = -y, -4*k + 3*k - 9 = 4*y. Let m be (y/((-2)/4))/2. Determine f(m).
1
Let h(r) = 2*r - 2. Let x be ((-15)/9 + 2)*-9. Give h(x).
-8
Let x(k) = k**3 + 3*k**2 - 3*k + 2. Let v = 149 - 153. Determine x(v).
-2
Let u be (-1)/(-2)*1*-22. Let d(j) = -j - 1. Let c(v) = -5*v - 4. Let m(g) = u*d(g) + 2*c(g). Give m(-5).
-2
Let j(z) be the third derivative of 1/120*z**6 - 1/12*z**5 + 1/12*z**4 + 0 + z**2 + 0*z - 5/6*z**3. Calculate j(5).
5
Let t(j) be the third derivative of j**5/60 - 5*j**4/24 + j**3/2 - 7*j**2. Calculate t(5).
3
Let u(g) = g - 1. Let s be 3*2/(1/(-1)). Determine u(s).
-7
Let j(y) = y - 3*y**2 + 2 + 3*y + 4*y**2. Let b be j(-4). Let i be 3/b*(-4)/(-6). Let m(w) = 5*w**2 + w. What is m(i)?
6
Let g be -2*(-4 - (-4 + 1)). Let c(d) = 6 + d + 3*d - 3*d - 3*d**2 + 4*d**g. Determine c(0).
6
Let o(r) = 9*r**3 - 5 - 12*r**2 - 10*r**3 - 8 - r. What is o(-12)?
-1
Suppose 15 = -3*g - 0. Let p(d) = -d**3 - 4*d**2 + 6*d + 3. Let t be p(g). Let h(k) = -3*k - 2. Let y(o) = 3*o + 2. Let l(b) = -3*h(b) - 2*y(b). Determine l(t).
-4
Let g(d) be the second derivative of -13*d**5/20 - d**4/6 + d**2/2 + 7*d. Determine g(-1).
12
Let m(q) = -2*q + 6. Suppose 4*t + 12 = 0, 3*b + 0*t - 42 = t. Suppose b + 17 = 5*l. Calculate m(l).
-6
Let a(x) = -4*x**3 + 1 + 0*x**2 + 3*x**3 - x + 2*x**2. Let y(s) = s**3 - s**2 - 2. Let b be y(2). Determine a(b).
-1
Let i(s) = 6*s**3 + 4*s**2 - 2*s - 1. Suppose 4*g + 8 = 6*g. Let u(n) = -n + 2*n**3 - 2 + 11*n**3 - g*n + 9*n**2. Let x(b) = 7*i(b) - 3*u(b). Give x(1).
4
Suppose 0*y = 3*y - 33. Suppose 5*f - 9 = y. Let s(r) = 7*r**2 - 8*r + 2. Let i(z) = -4*z**2 + 4*z - 1. Let n(x) = -5*i(x) - 3*s(x). Determine n(f).
-1
Let c(g) = -g**3 + 6*g**2 - 2*g + 9. Let o be 2*5*(-3